e number?
True
Is 2538751 a prime number?
True
Is 3402239 a prime number?
True
Is 8149523 composite?
True
Is 165751253 prime?
True
Is 138649373 a composite number?
False
Is 95081861 composite?
True
Is 481174523 composite?
False
Is 158543969 a composite number?
True
Is 580915597 a prime number?
True
Is 46231697 a prime number?
False
Is 4282043 a composite number?
True
Is 95331403 prime?
False
Is 8353199 composite?
True
Is 1941769 composite?
True
Is 48704207 a prime number?
True
Is 83644619 a composite number?
True
Is 238673993 prime?
False
Is 16652551 a composite number?
False
Is 2579167 a composite number?
False
Is 11619539 composite?
False
Is 13397497 composite?
False
Is 10611409 a composite number?
False
Is 6522819 composite?
True
Is 61281667 composite?
False
Is 2319169 a composite number?
False
Is 6173411 prime?
False
Is 3374467 prime?
True
Is 9748423 a prime number?
True
Is 19279379 a composite number?
True
Is 32663473 a composite number?
True
Is 412771829 prime?
False
Is 752377 composite?
True
Is 6357097 composite?
False
Is 22069753 a composite number?
False
Is 129629363 a prime number?
True
Is 3995863 composite?
True
Is 905759 a prime number?
True
Is 1453091 composite?
False
Is 29398753 a composite number?
False
Is 2949769 a composite number?
True
Is 121438682 composite?
True
Is 674657857 a composite number?
True
Is 601961657 a composite number?
True
Is 507629 prime?
False
Is 7746862 composite?
True
Is 341171 a composite number?
False
Is 478913111 a composite number?
False
Is 30023869 prime?
True
Is 278206661 prime?
True
Is 838681 a composite number?
True
Is 3822583 prime?
True
Is 3679357 a prime number?
False
Is 5073469 a prime number?
False
Is 2338507 a composite number?
False
Is 2383565 prime?
False
Is 882466105 composite?
True
Is 2755943 composite?
False
Is 86497769 prime?
True
Is 4214531 a prime number?
False
Is 451171103 prime?
False
Is 14766499 prime?
False
Is 3626341 a composite number?
True
Is 76006009 composite?
False
Is 7163113 prime?
True
Is 6248771 composite?
False
Is 38902667 a prime number?
True
Is 7078739 a composite number?
False
Is 360123 prime?
False
Is 349193 a composite number?
True
Is 14933851 a prime number?
False
Is 140074534 a composite number?
True
Is 26055163 composite?
True
Is 56263843 a composite number?
False
Is 24696731 a composite number?
True
Is 32712751 a composite number?
True
Is 633388891 a composite number?
False
Is 12648049 a prime number?
False
Is 26858071 a composite number?
True
Is 4245049 prime?
False
Is 6999311 a composite number?
True
Is 1633771 a prime number?
False
Is 11372011 a prime number?
False
Is 2135627 prime?
False
Is 9330239 a composite number?
False
Is 4199747 prime?
True
Is 33135785 a composite number?
True
Is 108759941 a composite number?
True
Is 5489743 composite?
True
Is 1219769 a prime number?
False
Is 4820881 a composite number?
True
Is 56122907 composite?
False
Is 579851497 composite?
True
Is 23993917 a composite number?
True
Is 69804503 prime?
True
Is 3787097 a composite number?
False
Is 112841167 prime?
False
Is 91016371 composite?
False
Is 2299607 composite?
True
Is 25047517 prime?
False
Is 5147399 composite?
False
Is 194068727 composite?
True
Is 93291559 composite?
False
Is 2794517 a composite number?
True
Is 264404887 a prime number?
True
Is 384266777 a prime number?
True
Is 22178071 prime?
True
Is 6977639 a composite number?
False
Is 13570357 a prime number?
False
Is 286266719 composite?
False
Is 293097527 a composite number?
True
Is 57105493 a composite number?
False
Is 7923389 a composite number?
True
Is 3112357 composite?
False
Is 6768821 composite?
False
Is 11473753 prime?
True
Is 1069323 a prime number?
False
Is 12127393 a prime number?
True
Is 3893353 a prime number?
True
Is 4909573 prime?
False
Is 270960041 prime?
False
Is 7189679 composite?
True
Is 473575951 a composite number?
True
Is 11006533 composite?
True
Is 6126751 a prime number?
True
Is 29391469 a prime number?
True
Is 22107187 composite?
True
Is 42390229 prime?
False
Is 231292993 a composite number?
False
Is 25051787 a prime number?
False
Is 9958427 a prime number?
False
Is 1085309 a composite number?
False
Is 22991107 composite?
True
Is 851113 a prime number?
True
Is 1096072787 a prime number?
True
Is 10474743 composite?
True
Is 41900629 a composite number?
False
Is 197886797 composite?
False
Is 234491206 composite?
True
Is 85235533 a composite number?
False
Is 3322873 prime?
True
Is 131561 a prime number?
True
Is 1014514927 prime?
True
Is 1594207 prime?
True
Is 648191 a prime number?
True
Is 5810737 a prime number?
False
Is 6733889 composite?
True
Is 28610863 composite?
False
Is 462941 composite?
True
Is 812447 a composite number?
True
Is 43243745 prime?
False
Is 2167105 a composite number?
True
Is 937391183 a prime number?
False
Is 8331203 a prime number?
True
Is 872999 a prime number?
True
Is 550193077 composite?
True
Is 149167099 a prime number?
True
Is 9786089 a prime number?
True
Is 18120101 composite?
True
Is 11470685 a composite number?
True
Is 527709509 a prime number?
True
Is 9766353 composite?
True
Is 45618863 prime?
True
Is 77057 composite?
True
Is 1369651 composite?
False
Is 725150345 prime?
False
Is 4357369 a composite number?
False
Is 9659603 prime?
True
Is 303435973 prime?
True
Is 174602117 composite?
True
Is 1887883 a composite number?
False
Is 213682541 a composite number?
False
Is 19583441 prime?
True
Is 230592839 a prime number?
True
Is 13228619 a prime number?
True
Is 3879959 a prime number?
True
Is 278888059 composite?
True
Is 267554795 prime?
False
Is 86016841 composite?
False
Is 349241 composite?
False
Is 1199771 a composite number?
True
Is 1301891 prime?
False
Is 5551801 a composite number?
False
Is 913637 prime?
True
Is 1647599 a prime number?
True
Is 19245311 prime?
True
Is 82540849 a prime number?
False
Is 383368379 a prime number?
False
Is 6997733 composite?
False
Is 3348767 a composite number?
False
Is 1145497 prime?
True
Is 30190519 a prime number?
True
Is 8780593 composite?
False
Is 171408049 a composite number?
True
Is 1515487 prime?
True
Is 717937621 composite?
False
Is 1956211 a composite number?
False
Is 11219761 composite?
True
Is 4054679 composite?
True
Is 2033007313 a prime number?
True
Is 3358501 a prime number?
True
Is 1175729 a composite number?
False
Is 39627571 a prime number?
True
Is 7495969 a prime number?
False
Is 800836571 a composite number?
False
Is 562668319 prime?
True
Is 12441749 a composite number?
True
Is 28688585 composite?
True
Is 29547139 composite?
True
Is 638237029 prime?
False
Is 7489451 composite?
True
Is 5261419 a composite number?
False
Is 27102869 composite?
False
Is 1892081 a prime number?
False
Is 1292449 composite?
True
Is 3613471 a prime number?
False
Is 893120989 composite?
False
Is 5920669 prime?
False
Is 6840721 prime?
True
Is 299070914 a prime number?
False
Is 207877889 composite?
True
Is 11462617 prime?
True
Is 127543061 composite?
True
Is 94017829 composite?
True
Is 4174631 prime?
True
Is 1952851 a composite number?
False
Is 585581 a prime number?
True
Is 39619669 a prime number?
True
Is 226519861 composite?
False
Is 18612469 prime?
True
Is 69967949 prime?
True
Is 85385 a prime number?
False
Is 106744259 composite?
False
Is 5990759 a prime number?
True
Is 541591 prime?
False
Is 619266173 a composite number?
True
Is 350237 composite?
False
Is 237656521 prime?
True
Is 24119653 composite?
False
Is 349777903 a composite number?
True
Is 1142413229 prime?
True
Is 865549 a composite number?
True
Is 172617091 prime?
False
Is 2231731 composite?
False
Is 176594767 a composite number?
True
Is 86426993 composite?
False
Is 269753249 composite?
False
Is 2313511 composite?
False
Is 8336681 prime?
False
Is 5721307 a composite number?
False
Is 4340141 composite?
True
Is 162963061 prime?
True
Is 10006847 composite?
True
Is 8301547 a prime number?
True
Is 7357087 composite?
False
Is 3434281 composite?
True
Is 5045707 prime?
True
Is 107791 prime?
True
Is 31676573 a prime number?
True
Is 8081903 composite?
True
Is 286440589 a prime number?
False
Is 4842403 prime?
True
Is 2354711 prime?
True
Is 1336151 a composite number?
False
Is 917317 prime?
True
Is 11911201 prime?
True
Is 474808303 prime?
True
Is 7246609 a composite number?
False
Is 78813143 